(b) = t*j(b) + 5*c(b). Suppose -29 + 9 = -5*d. Determine g(d).
4
Let d(u) = 6*u + 3. Suppose -36*b - 96 = -24*b. Let i(a) = 5*a + 8*a - 4*a + 4. Let o(l) = b*d(l) + 5*i(l). Determine o(-5).
11
Let r(a) = a**3 + 7*a**2 - 10*a - 14. Let g be r(-8). Suppose g*d + 2 = -6. Let k(f) = f**3 + 4*f**2 + 2*f. What is k(d)?
-8
Let p(s) be the second derivative of 0 + 1/2*s**3 + s**2 + 51*s. What is p(2)?
8
Suppose k - 6 = -0*k. Suppose -4*q = -5*q - k. Let d(y) = y**2 + 5*y - 3. What is d(q)?
3
Let n(z) = 16*z**3 - 30*z**2 - 52*z + 4. Let k(f) = -3*f**3 + 6*f**2 + 10*f - 1. Let d(q) = 11*k(q) + 2*n(q). Give d(7).
-10
Let f be 1 - -16 - (-2 + 7). Let c(n) = n**3 - 11*n**2 - 11*n - 9. Give c(f).
3
Let q(w) be the third derivative of -w**5/60 + w**4/6 + 7*w**3/6 + 2*w**2. Let s be (-3 + -457)/(-4) + (-1 - -1). Suppose -31 + s = 14*k. What is q(k)?
-5
Let s be (-15)/(-6)*(-16)/(-10). Let y(q) = 4 - q**2 + 2 - 1 + 4*q. Determine y(s).
5
Let z(l) = -l**3 + 3*l**2 + 4*l - 2. Let r(p) = -p**3 - 7*p**2 - 6*p + 2. Let s be r(-6). Suppose 3*o = i + 7, -14 = -o + s*i - 4*i. Determine z(o).
-2
Let x(u) = -2*u + 2*u + u. Let h be x(2). Let t(k) be the second derivative of k**4/6 - k**3/2 + k**2/2 - 5*k + 829. Determine t(h).
3
Let v(w) = -w**2 + 6*w - 2. Let j(y) be the first derivative of -y**4/4 + 2*y**3 + 4*y**2 - 2*y - 2. Let g be j(7). Give v(g).
3
Let x be 64/36 - 4/(-18). Let s(p) = 1 + x + 3*p - 1 - 2*p. Let z(n) = -n**2 + 10*n - 16. Let t be z(7). Determine s(t).
7
Let c(l) = -l**2 + 17*l + 6. Let f(b) = -2*b. Let p(a) = -c(a) - 5*f(a). What is p(9)?
12
Let l(c) be the first derivative of c**3/3 + 4*c**2 + 10*c - 104. Determine l(-6).
-2
Let i = -5 + 6. Let h(m) = -18*m. Let k(b) = 154*b. Let c(d) = 42*h(d) + 5*k(d). Give c(i).
14
Let k(p) = -19*p**2. Let u = 125 + -100. Suppose -17*y + u = 8. What is k(y)?
-19
Suppose -12*p - 56 = -20. Let m(g) = 5*g**2 - 3*g + 1. What is m(p)?
55
Suppose 32 = 5*a + 3*x, -28 + 8 = -a - 4*x. Suppose -a*b + 15 = -1, -5*k - 6 = b. Let v(d) = 8*d. Calculate v(k).
-16
Suppose 0 = 7*s - 3*s - 12. Let u(g) = -s*g**3 - 4*g**3 + 514*g - 515*g. Give u(1).
-8
Let f(m) = m**3 + 9*m**2 - 10*m - 14. Suppose 10 = 831*p - 832*p. Determine f(p).
-14
Let c(x) = -x + 8. Let z(o) = -4*o + 36. Let a(m) = 26*c(m) - 6*z(m). Determine a(0).
-8
Let p = -82 + 99. Let c(m) = -m**3 + 17*m**2 - 2*m + 30. Determine c(p).
-4
Let s(h) = -31*h - 55. Let a(f) = 10*f + 17. Let g(r) = 19*a(r) + 6*s(r). Calculate g(1).
-3
Let g = 477 + -474. Let s(t) be the second derivative of -7/2*t**2 + 0 + 1/6*t**g + 3*t. Calculate s(-5).
-12
Let i(k) = k**3 - 5*k**2 + 2*k + 4. Let o be i(4). Let p be (-4)/6*21/14. Let f = p + o. Let m(u) = u - 2. Calculate m(f).
-7
Let x(r) = 8*r**2 - r + 12. Let q(l) = -23*l**2 + 3*l - 33. Let f(h) = -4*q(h) - 11*x(h). Determine f(-1).
5
Let p be 48*(5/15 - 0). Let z = -9 + p. Let u(x) = -x**3 + 7*x**2 - x + 8. Determine u(z).
1
Let x(o) = 2*o + 12. Let a(g) = g**2 - 20*g - 29. Let u be a(21). What is x(u)?
-4
Let q(x) = 7 + 0*x + 0 + 151*x**2 - 158*x**2 + x. Give q(-3).
-59
Suppose 4*f = -o + 176, -88 = -0*f - 2*f - 5*o. Let v = 40 - f. Let h(n) = n**2 + 4*n + 2. Give h(v).
2
Let g be ((-5)/2)/(5/(-10)). Let h be ((-10)/(-35))/(1/14). Let l(k) = -12 + 0*k - 3*k + h + 4*k. Give l(g).
-3
Let p(q) be the second derivative of -q**5/20 - q**4/12 - 3*q**2 + 2*q. Suppose 0 = -0*m - 5*m + 3*u + 6, -3*m = -2*u - 4. Calculate p(m).
-6
Let g(v) = 145*v**2 - 71*v**2 - 68*v**2 + 7 - 6. Give g(-1).
7
Let r(y) = y + 1. Let q(k) = k**3 - 6*k**2 + 8. Let j be q(6). Let d(v) = 3*v - 24. Let f be d(j). Give r(f).
1
Let b be (-12)/30 + (3 - 36/10). Let p(n) = 4*n - 7. Let l(t) = -t + 1. Let r(s) = b*p(s) - 5*l(s). Give r(3).
5
Let m(x) = 358*x**3 - 25 - 177*x**3 + 5*x**2 - 22*x + 13*x - 180*x**3. Calculate m(-6).
-7
Suppose 5*f + 0*s - 4 = 4*s, 0 = -4*f + 4*s + 4. Let j(v) = -v**3 - v**2 + v + 16. Determine j(f).
16
Let w = -76 + 123. Let s = 45 - w. Let t(a) = -a**3 - 3*a - 3. Give t(s).
11
Let p(n) be the first derivative of 2*n**3/3 + n**2/2 - 2*n + 82. Determine p(-4).
26
Let r(l) = -15*l**2 + 5*l + 9*l**2 + 5*l**2 + 3. Let v be r(5). Let s(t) = -t + t**3 - t**v - 1 + t**2 + t**3. Determine s(-2).
-3
Let a(i) = i + 2. Suppose -h - 2 = 0, 5*p - 16 - 28 = 2*h. Suppose -3*t = 19 + 14. Let s = p + t. Determine a(s).
-1
Let c(g) be the first derivative of g**3/3 - 2*g**2 - g + 52. Calculate c(2).
-5
Let o(d) be the second derivative of -d**5/20 - 5*d**4/12 - d**3 - d**2 - 4*d + 4. What is o(-4)?
6
Let f(z) = z**2 + 4*z - 1. Suppose -30 - 78 = -6*r. Let s = r + -24. What is f(s)?
11
Let q(l) = l**3 + 6*l**2 - 3*l - 37. Let x be q(-5). Let n(f) = 8 + x*f - 2 + 5. What is n(-8)?
-13
Let s(m) = 3*m - 14. Let b be s(7). Let q(z) = 8 + 6*z + b + z**2 - 3 - 3. What is q(-6)?
9
Suppose 3*r = u + 5 + 8, 4*u + 7 = -3*r. Let o(s) = -10*s**2 - s**3 + 4*s**2 - 3*s + 3 - 1. What is o(u)?
-18
Let q(j) = j**2 + 5*j. Suppose -2*t + 23 - 55 = 4*b, -2*t + 24 = -3*b. Determine q(b).
24
Let i(m) = -m**3 - m**2 - m + 1. Let s(n) = -3 + 10*n**2 + 2*n**3 + 10*n + n**3 - 5*n. Let f(t) = 4*i(t) + s(t). Give f(6).
7
Let h = 4 - 1. Suppose -4*i = -m - h - 14, -2*i + 7 = m. Suppose 3 - 11 = -i*f - 4*j, -j = 1. Let n(r) = r**3 - 3*r**2 + 2*r - 4. What is n(f)?
2
Let n(q) be the third derivative of -q**5/20 - q**3/6 - 4*q**2. Suppose -2*b + 5 = -1. Suppose -b*c - 1 = -4. Give n(c).
-4
Suppose -b - 4 = 3*l, 0 = -4*b + 12*l - 11*l + 23. Let h(v) = 4*v - 21. What is h(b)?
-1
Let d(n) be the first derivative of -n**4/4 - 2*n**3/3 + 2*n**2 - 17. Let h(s) be the second derivative of d(s). Calculate h(-3).
14
Let f = 33 + -39. Let o(a) be the second derivative of 1/20*a**5 - a + 5/12*a**4 - 5/6*a**3 + 0 + a**2. Determine o(f).
-4
Suppose 40 = -21*l + 13*l. Let g(x) = x**3 + 5*x**2 + 3*x + 7. Give g(l).
-8
Let a(r) = 3*r - 14. Let m be a(3). Let d(h) = -3*h + 4. Let s(f) = -10*f + 12. Let n(k) = 7*d(k) - 2*s(k). Determine n(m).
9
Let a = 158 + -156. Let b be 0*(-1)/(-4)*-2. Let k(o) = -3*o + a*o + 0 + b. Calculate k(-6).
6
Let v(o) = 3*o - 11. Suppose 4*w - 20 = -4*l + 8*l, -4*w + 2*l = -26. Calculate v(w).
13
Suppose 0 = -5*i + 17 + 3. Let y(r) = 5*r**2 + 12*r - 2. Let j(l) = -3*l**2 - 6*l + 1. Let z(k) = i*y(k) + 7*j(k). What is z(7)?
-8
Let z(w) = -8*w**3 - 2*w + 1. Let y(f) = 647*f + f**2 - 647*f. Let q(m) = 2*y(m) + z(m). Determine q(1).
-7
Let w(x) be the third derivative of x**4/12 - 2*x**2. Let n be (0 - -32) + -1 + -1. Suppose -f - 4*f = n. Determine w(f).
-12
Let j = 2 + 4. Let t = j + -5. Let c(m) = 17*m**2 - 26*m - 2. Let o(n) = 8*n**2 - 11*n - 1. Let z(f) = 3*c(f) - 7*o(f). Give z(t).
-5
Let g(d) = 64*d + d**2 - 5*d**2 - 133*d + 65*d - d**3. Calculate g(-3).
3
Let t(j) = 1 + j + 10*j + 3 - 12*j. Let i(w) = -w**2 - 5*w + 10. Let f = -4 + -3. Let z be i(f). Determine t(z).
8
Let p(y) = 4*y**2 - 17*y - 8. Let u(a) = 0 + 17*a - 13*a - a**2 + 2. Let h(x) = 2*p(x) + 9*u(x). What is h(-2)?
-6
Let v(p) = 8*p**3 - 2*p**2 - 3*p - 2. Let a be (2/8)/((-17)/68). Determine v(a).
-9
Let u(v) = 601 - 5*v**3 + 4*v**2 + 5*v**3 - 604 + v**3. Give u(-4).
-3
Let r(m) = 3*m - 1. Suppose 0 = 3*v + 9, -6*v - 24 = -2*h - 2*v. Let f = h - 0. Suppose 7*p = f*p - 3. Calculate r(p).
-10
Let h(b) = b**2 - 7*b + 2. Suppose -3*a = -56 + 17. Let x(d) = 0*d + 3*d + 17 - 4*d. Let y be x(a). Determine h(y).
-10
Suppose 4 - 14 = g. Let i(m) = -5*m**2 - 250*m + 8. Let b(j) = -j**2 - 48*j + 2. Let f(w) = 21*b(w) - 4*i(w). What is f(g)?
-10
Let m = 6 - 1. Suppose -m*r = 2 + 13. Let w(z) be the first derivative of z**3/3 + z**2 + 3*z - 29. What is w(r)?
6
Let h(c) = -14*c**3 - 14*c**2 - 13*c + 7. Let z(x) = 3*x**3 + 3*x**2 + 3*x - 2. Let b(w) = 2*h(w) + 9*z(w). What is b(-3)?
11
Let o(a) = a**3 - a**2 + a + 17. Suppose -9*t = -10*t + 12. Suppose 3*z = -5*q - 25, -4*q - t = -4*z + 8. Determine o(z).
17
Let p(v) be the third derivative of -v**8/20160 - v**7/1680 + v**6/360 - 17*v**5/60 + 9*v**2. Let u(c) be the third derivative of p(c). Give u(-3).
2
Let i be (-2)/(-7) + (-12)/(-7). Let k(g) = 6*g**2 + 66*g + 1. Let b be k(-11). Let q(n) = -b - n - n**i + 2*n**2 + 0*n**2 - 2. What is q(3)?
3
Let b(k) = -k**2 - 7*k - 4. Let g = -17 - -22. Suppose x + g = 8. Suppose -5*s + 43 = 5*m - 8*m, x*s + 9 = -4*m. Give b(m).
2
Let h